7502909669 a composite number?
False
Is 2853227789 a composite number?
False
Is 1217366299 a composite number?
False
Is 318339687193 a composite number?
True
Is 101325419801 composite?
False
Is 765923567 prime?
True
Is 27799978837 a prime number?
True
Is 2554093033 a prime number?
True
Is 438208873 a composite number?
False
Is 35880344237 a prime number?
True
Is 593662681 composite?
True
Is 8071520159 a composite number?
False
Is 105819583 a composite number?
False
Is 8925571063 composite?
False
Is 235258095299 a prime number?
True
Is 68828846969 a prime number?
True
Is 93388500209 a prime number?
True
Is 235937363 prime?
False
Is 209136283669 prime?
True
Is 9924484019 a prime number?
True
Is 86915351791 a prime number?
True
Is 1976615573 a composite number?
False
Is 58314480319 prime?
True
Is 1960536199 prime?
True
Is 197338836313 composite?
True
Is 5792800187 prime?
True
Is 4438333693 prime?
True
Is 394807987 a composite number?
True
Is 1646563669 a prime number?
True
Is 11776986629 a composite number?
False
Is 11428332619 a composite number?
True
Is 1532402567 prime?
False
Is 2431408159 prime?
True
Is 41545599959 a prime number?
False
Is 16698105203 a composite number?
True
Is 1546982693 a prime number?
True
Is 4295938211 a prime number?
True
Is 5253211318 a prime number?
False
Is 61278982133 composite?
True
Is 37456648861 prime?
False
Is 1838002877 composite?
True
Is 3540809557 a prime number?
False
Is 30482489563 composite?
False
Is 650302369 a prime number?
True
Is 168477433 a prime number?
True
Is 2444883113 composite?
False
Is 286030757 composite?
True
Is 725551579 prime?
False
Is 12944731339 prime?
True
Is 21798968321 prime?
False
Is 98044778333 a prime number?
False
Is 76624520435 prime?
False
Is 802362539 prime?
False
Is 769942711 composite?
True
Is 64262089 composite?
False
Is 385040023 prime?
False
Is 2256181861 composite?
False
Is 3729935689 a prime number?
True
Is 173117743 composite?
True
Is 78303691 a prime number?
True
Is 291225983 a prime number?
True
Is 389592895 composite?
True
Is 2555808097 prime?
False
Is 941901187 composite?
False
Is 46416533 composite?
False
Is 749050097 a composite number?
True
Is 976072133 composite?
True
Is 1050881479 a composite number?
True
Is 2974153751 composite?
False
Is 1624986623 a composite number?
True
Is 13411129307 prime?
True
Is 79447153 a prime number?
False
Is 34591151989 a prime number?
False
Is 1708209805 composite?
True
Is 6272204039 prime?
False
Is 14848067981 a prime number?
False
Is 23053230863 prime?
False
Is 114564847 composite?
False
Is 161454543 a prime number?
False
Is 20420711569 a prime number?
False
Is 7926637121 a composite number?
True
Is 650095129 a prime number?
True
Is 9334906297 a prime number?
True
Is 543824371 composite?
True
Is 5683318721 composite?
True
Is 124375816519 a composite number?
False
Is 101249143 a prime number?
False
Is 307864037 a composite number?
True
Is 264765472859 a prime number?
True
Is 38041177 a composite number?
False
Is 999937349 a composite number?
False
Is 5037460303 prime?
True
Is 957262013 prime?
False
Is 47446723543 composite?
False
Is 127043857 prime?
False
Is 65030650031 composite?
True
Is 27167204279 prime?
True
Is 331731709 composite?
False
Is 39971724503 prime?
False
Is 57934016713 prime?
True
Is 28041334543 composite?
False
Is 361155829 a composite number?
True
Is 11725839959 a prime number?
False
Is 1431128429 a composite number?
True
Is 19127172109 composite?
False
Is 125195435481 a composite number?
True
Is 1178135503 prime?
True
Is 182588249 prime?
True
Is 1645923551 a prime number?
True
Is 898177373 a composite number?
False
Is 62350591 a composite number?
False
Is 10009866743 prime?
False
Is 2571842219 prime?
False
Is 30994453063 a prime number?
False
Is 112884061445 a composite number?
True
Is 3027414727 a composite number?
False
Is 582073 prime?
False
Is 614740961 composite?
True
Is 191169527 composite?
False
Is 941542579 composite?
False
Is 2354569723 composite?
True
Is 8685348203 a composite number?
True
Is 9622099259 prime?
True
Is 316616197 a prime number?
False
Is 71748374563 composite?
False
Is 155937468679 prime?
True
Is 2198616877 a prime number?
True
Is 1067319199 a composite number?
False
Is 32227453309 prime?
True
Is 56840417 a composite number?
False
Is 6568356083 a prime number?
False
Is 14809436671 composite?
False
Is 67411112371 composite?
False
Is 43355129671 prime?
False
Is 3678633653 prime?
False
Is 5518620763 a prime number?
False
Is 22247381657 composite?
False
Is 82294715 a prime number?
False
Is 1052116021 prime?
False
Is 6237324253 a prime number?
False
Is 1304610799 prime?
False
Is 425086993 composite?
True
Is 1899815338 prime?
False
Is 808901719 prime?
True
Is 10868161841 composite?
False
Is 334494623 prime?
False
Is 32089790203 a composite number?
False
Is 3403732447 a prime number?
False
Is 299713339 composite?
False
Is 799364851 a composite number?
True
Is 366671891 prime?
False
Is 8804888551 a prime number?
False
Is 18887319221 a prime number?
True
Is 1385081461 a composite number?
True
Is 2660129687 composite?
False
Is 100250147 a prime number?
True
Is 13354990179 composite?
True
Is 491855291 a composite number?
True
Is 52761692209 prime?
True
Is 87708529351 composite?
False
Is 657707539 a composite number?
False
Is 7015444409 a composite number?
False
Is 355951667 composite?
True
Is 5272509289 a prime number?
True
Is 61187027177 composite?
True
Is 419442589661 a prime number?
True
Is 1296823001 prime?
False
Is 808277929 prime?
False
Is 458781333 composite?
True
Is 7602921197 a composite number?
False
Is 531246643 a composite number?
True
Is 6252135185 composite?
True
Is 487390009 a prime number?
False
Is 5394760039 prime?
True
Is 1508643401 a composite number?
True
Is 1506638047 a composite number?
True
Is 10876442777 a composite number?
True
Is 6539557867 a prime number?
False
Is 13835708963 composite?
False
Is 64598229557 a prime number?
False
Is 105938143 a composite number?
False
Is 10701157639 a composite number?
False
Is 1044583151 composite?
True
Is 1035028123 a prime number?
False
Is 567444763 prime?
False
Is 11977215767 a composite number?
True
Is 28762563883 a composite number?
False
Is 7187385571 prime?
True
Is 662102687 a composite number?
False
Is 6623054281 a prime number?
True
Is 2369934557 prime?
True
Is 23438687639 prime?
False
Is 511992354613 a composite number?
False
Is 1567524677 a prime number?
False
Is 4115529622 composite?
True
Is 230584049 a prime number?
True
Is 833033089 prime?
False
Is 15796540429 a prime number?
True
Is 432267587 a composite number?
False
Is 21753252659 a prime number?
True
Is 813376559 prime?
True
Is 569873567 composite?
False
Is 6718765629 prime?
False
Is 19798274065 prime?
False
Is 2349983771 a composite number?
False
Is 300713183 a prime number?
True
Is 23950403597 a prime number?
True
Is 1030075973 composite?
False
Is 13715837645 prime?
False
Is 21392267273 a composite number?
True
Is 1870885589 a composite number?
False
Is 138537679 prime?
False
Is 63418609993 composite?
False
Is 25395071307 a composite number?
True
Is 15330526837 prime?
True
Is 1046467951 a composite number?
False
Is 927049069 a composite number?
False
Is 2802988235 prime?
False
Is 52948862489 prime?
True
Is 2773510183 a composite number?
True
Is 45952335491 a prime number?
True
Is 1900100611 composite?
False
Is 106046393 composite?
True
Is 63589562269 composite?
True
Is 374279657 prime?
False
Is 492680477 a composite number?
True
Is 424948499 prime?
True
Is 767591917 prime?
False
Is 407458343 a prime number?
True
Is 4983085789 a composite number?
True
Is 137475913 a composite number?
True
Is 114223123 composite?
True
Is 1224343201 composite?
False
Is 1134301133 composite?
True
Is 1229607679 composite?
False
Is 688565573 prime?
True
Is 20956042117 composite?
True
Is 2443350815 prime?
False
Is 1663904783 a composite number?
True
Is 269139323407 prime?
True
Is 1291003799 a composite number?
False
Is 16656056609 composite?
True
Is 2088615377 a composite number?
False
Is 10266167833 a composite number?
False
Is 114168973847 a prime number?
False
Is 660959153 composite?
True
Is 3178680199 a prime number?
False
Is 43841899977 prime?
False
Is 64942439 a prime number?
True
Is